{"id":2559,"date":"2024-02-26T21:04:28","date_gmt":"2024-02-26T19:04:28","guid":{"rendered":"https:\/\/www.acdhh.de\/?page_id=2559"},"modified":"2024-02-28T15:07:45","modified_gmt":"2024-02-28T13:07:45","slug":"cuentacuentos","status":"publish","type":"page","link":"https:\/\/www.acdhh.de\/?page_id=2559","title":{"rendered":"Cu\u00e9ntamelo"},"content":{"rendered":"\n<h3 class=\"wp-block-heading\">Iniciativa de una madre de la Asociaci\u00f3n<\/h3>\n\n\n\n<figure class=\"wp-block-gallery has-nested-images columns-default is-cropped wp-block-gallery-1 is-layout-flex wp-block-gallery-is-layout-flex\">\n<figure class=\"wp-block-image size-large\"><a href=\"https:\/\/www.acdhh.de\/wp-content\/uploads\/2024\/02\/cuentamelo.png\"><img loading=\"lazy\" decoding=\"async\" width=\"551\" height=\"288\" data-id=\"2661\" src=\"https:\/\/www.acdhh.de\/wp-content\/uploads\/2024\/02\/cuentamelo.png\" alt=\"\" class=\"wp-image-2661\" srcset=\"https:\/\/www.acdhh.de\/wp-content\/uploads\/2024\/02\/cuentamelo.png 551w, https:\/\/www.acdhh.de\/wp-content\/uploads\/2024\/02\/cuentamelo-300x157.png 300w\" sizes=\"(max-width: 551px) 100vw, 551px\" \/><\/a><\/figure>\n<\/figure>\n\n\n\n<p class=\"has-drop-cap\" style=\"padding-top:var(--wp--preset--spacing--30);padding-bottom:var(--wp--preset--spacing--30)\"><strong>N<\/strong>os complace enormemente informar sobre una hermosa iniciativa llamada \u00abCu\u00e9ntamelo\u00bb que se lleva a cabo los s\u00e1bados paralelamente al horario de los cursos. En este proyecto est\u00e1n invitados a participar todos los padres de la Asociaci\u00f3n que tengan hijos de 0 a 3 a\u00f1os y deseen unirse a este encantador \u00abKrabbelgruppe literario\u00bb, mientras sus hermanos mayores est\u00e1n en clase. Esta actividad tiene el objetivo de proporcionar un espacio agradable para que los padres disfruten de un tiempo especial con sus peque\u00f1os.<\/p>\n\n\n\n<p>La realizaci\u00f3n de esta actividad se lleva a cabo una vez al mes y ha sido posible gracias a la iniciativa de una mam\u00e1 de nuestra Asociaci\u00f3n. Valoramos profundamente la colaboraci\u00f3n y creatividad de nuestros miembros, que han contribuido al surgimiento de esta hermosa experiencia literaria para los m\u00e1s peque\u00f1os de la Asociaci\u00f3n.<\/p>\n\n\n\n<p>Se comunicar\u00e1 al inicio de cada curso las fechas programadas para estos encuentros.<\/p>\n\n\n\n<p><em><strong>\u00a1La magia de los libros puede empezar desde los primeros a\u00f1os de vida!<\/strong><\/em><\/p>\n","protected":false},"excerpt":{"rendered":"<p>Iniciativa de una madre de la Asociaci\u00f3n Nos complace enormemente informar sobre una hermosa iniciativa llamada \u00abCu\u00e9ntamelo\u00bb que se lleva<\/p>\n","protected":false},"author":16,"featured_media":0,"parent":2557,"menu_order":2,"comment_status":"closed","ping_status":"closed","template":"","meta":{"footnotes":""},"_links":{"self":[{"href":"https:\/\/www.acdhh.de\/index.php?rest_route=\/wp\/v2\/pages\/2559"}],"collection":[{"href":"https:\/\/www.acdhh.de\/index.php?rest_route=\/wp\/v2\/pages"}],"about":[{"href":"https:\/\/www.acdhh.de\/index.php?rest_route=\/wp\/v2\/types\/page"}],"author":[{"embeddable":true,"href":"https:\/\/www.acdhh.de\/index.php?rest_route=\/wp\/v2\/users\/16"}],"replies":[{"embeddable":true,"href":"https:\/\/www.acdhh.de\/index.php?rest_route=%2Fwp%2Fv2%2Fcomments&post=2559"}],"version-history":[{"count":12,"href":"https:\/\/www.acdhh.de\/index.php?rest_route=\/wp\/v2\/pages\/2559\/revisions"}],"predecessor-version":[{"id":2713,"href":"https:\/\/www.acdhh.de\/index.php?rest_route=\/wp\/v2\/pages\/2559\/revisions\/2713"}],"up":[{"embeddable":true,"href":"https:\/\/www.acdhh.de\/index.php?rest_route=\/wp\/v2\/pages\/2557"}],"wp:attachment":[{"href":"https:\/\/www.acdhh.de\/index.php?rest_route=%2Fwp%2Fv2%2Fmedia&parent=2559"}],"curies":[{"name":"wp","href":"https:\/\/api.w.org\/{rel}","templated":true}]}}